{"id":7971,"date":"2025-05-04T17:25:45","date_gmt":"2025-05-04T17:25:45","guid":{"rendered":"https:\/\/hopelandcongo.org\/?page_id=7971"},"modified":"2025-09-22T19:16:37","modified_gmt":"2025-09-22T19:16:37","slug":"plan-strategique","status":"publish","type":"page","link":"https:\/\/hopelandcongo.org\/?page_id=7971","title":{"rendered":"Plan Strat\u00e9gique 2025 &#8211; 2030"},"content":{"rendered":"\t\t<div data-elementor-type=\"wp-page\" data-elementor-id=\"7971\" class=\"elementor elementor-7971\" data-elementor-post-type=\"page\">\n\t\t\t\t\t\t<section class=\"elementor-section elementor-top-section elementor-element elementor-element-08cbc03 elementor-section-boxed elementor-section-height-default elementor-section-height-default\" data-id=\"08cbc03\" data-element_type=\"section\">\n\t\t\t\t\t\t<div class=\"elementor-container elementor-column-gap-default\">\n\t\t\t\t\t<div class=\"elementor-column elementor-col-100 elementor-top-column elementor-element elementor-element-dc32984\" data-id=\"dc32984\" data-element_type=\"column\">\n\t\t\t<div class=\"elementor-widget-wrap\">\n\t\t\t\t\t\t\t<\/div>\n\t\t<\/div>\n\t\t\t\t\t<\/div>\n\t\t<\/section>\n\t\t\t\t<section class=\"elementor-section elementor-top-section elementor-element elementor-element-d90c5f1 elementor-section-full_width elementor-section-height-default elementor-section-height-default\" data-id=\"d90c5f1\" data-element_type=\"section\" data-settings=\"{&quot;background_background&quot;:&quot;classic&quot;,&quot;shape_divider_bottom&quot;:&quot;opacity-tilt&quot;}\">\n\t\t\t\t\t\t\t<div class=\"elementor-background-overlay\"><\/div>\n\t\t\t\t\t\t<div class=\"elementor-shape elementor-shape-bottom\" aria-hidden=\"true\" data-negative=\"false\">\n\t\t\t<svg xmlns=\"http:\/\/www.w3.org\/2000\/svg\" viewBox=\"0 0 2600 131.1\" preserveAspectRatio=\"none\">\n\t<path class=\"elementor-shape-fill\" d=\"M0 0L2600 0 2600 69.1 0 0z\"\/>\n\t<path class=\"elementor-shape-fill\" style=\"opacity:0.5\" d=\"M0 0L2600 0 2600 69.1 0 69.1z\"\/>\n\t<path class=\"elementor-shape-fill\" style=\"opacity:0.25\" d=\"M2600 0L0 0 0 130.1 2600 69.1z\"\/>\n<\/svg>\t\t<\/div>\n\t\t\t\t\t<div class=\"elementor-container elementor-column-gap-default\">\n\t\t\t\t\t<div class=\"elementor-column elementor-col-100 elementor-top-column elementor-element elementor-element-1254038\" data-id=\"1254038\" data-element_type=\"column\">\n\t\t\t<div class=\"elementor-widget-wrap elementor-element-populated\">\n\t\t\t\t\t\t<section class=\"elementor-section elementor-inner-section elementor-element elementor-element-f9cf286 elementor-section-boxed elementor-section-height-default elementor-section-height-default\" data-id=\"f9cf286\" data-element_type=\"section\">\n\t\t\t\t\t\t<div class=\"elementor-container elementor-column-gap-default\">\n\t\t\t\t\t<div class=\"elementor-column elementor-col-50 elementor-inner-column elementor-element elementor-element-591eaf6\" data-id=\"591eaf6\" data-element_type=\"column\">\n\t\t\t<div class=\"elementor-widget-wrap elementor-element-populated\">\n\t\t\t\t\t\t<div class=\"elementor-element elementor-element-b1148d8 elementor-headline--style-highlight elementor-widget elementor-widget-animated-headline\" data-id=\"b1148d8\" data-element_type=\"widget\" data-settings=\"{&quot;marker&quot;:&quot;underline_zigzag&quot;,&quot;highlighted_text&quot;:&quot;2025 - 2030&quot;,&quot;headline_style&quot;:&quot;highlight&quot;,&quot;loop&quot;:&quot;yes&quot;,&quot;highlight_animation_duration&quot;:1200,&quot;highlight_iteration_delay&quot;:8000}\" data-widget_type=\"animated-headline.default\">\n\t\t\t\t<div class=\"elementor-widget-container\">\n\t\t\t\t\t\t\t<h3 class=\"elementor-headline\">\n\t\t\t\t\t<span class=\"elementor-headline-plain-text elementor-headline-text-wrapper\">PLAN STRAT\u00c9GIQUE <\/span>\n\t\t\t\t<span class=\"elementor-headline-dynamic-wrapper elementor-headline-text-wrapper\">\n\t\t\t\t\t<span class=\"elementor-headline-dynamic-text elementor-headline-text-active\">2025 - 2030<\/span>\n\t\t\t\t<\/span>\n\t\t\t\t<\/h3>\n\t\t\t\t\t\t<\/div>\n\t\t\t\t<\/div>\n\t\t\t\t<div class=\"elementor-element elementor-element-c81132a elementor-align-left elementor-tablet-align-left elementor-icon-list--layout-traditional elementor-list-item-link-full_width elementor-widget elementor-widget-icon-list\" data-id=\"c81132a\" data-element_type=\"widget\" data-widget_type=\"icon-list.default\">\n\t\t\t\t<div class=\"elementor-widget-container\">\n\t\t\t\t\t\t\t<ul class=\"elementor-icon-list-items\">\n\t\t\t\t\t\t\t<li class=\"elementor-icon-list-item\">\n\t\t\t\t\t\t\t\t\t\t\t<span class=\"elementor-icon-list-icon\">\n\t\t\t\t\t\t\t<svg xmlns=\"http:\/\/www.w3.org\/2000\/svg\" xmlns:xlink=\"http:\/\/www.w3.org\/1999\/xlink\" fill=\"#000000\" height=\"800px\" width=\"800px\" id=\"Layer_1\" viewBox=\"0 0 512 512\" xml:space=\"preserve\"><g transform=\"translate(1)\">\t<g>\t\t<g>\t\t\t<path d=\"M439.32,334.507c-4.267-3.413-9.387-2.56-11.947,1.707l-54.613,77.653l-35.84-28.16    c-3.413-2.56-9.387-1.707-11.947,1.707c-2.56,3.413-1.707,9.387,1.707,11.947l42.667,34.133c1.707,0.853,3.413,1.707,5.12,1.707    c0,0,0.853,0,0.853,0c2.56,0,4.267-1.707,5.973-3.413l59.733-85.333C444.44,342.187,443.587,337.92,439.32,334.507z\"><\/path>\t\t\t<path d=\"M476.867,296.885v-57.952V63.147V8.533c0-5.12-3.413-8.533-8.533-8.533H413.72H178.2h-68.267H7.533    C2.413,0-1,3.413-1,8.533v102.4V179.2v235.52v54.613c0,5.12,3.413,8.533,8.533,8.533h54.613h233.738    C318.713,499.056,349.309,512,383,512c70.827,0,128-57.173,128-128C511,350.309,498.056,319.713,476.867,296.885z     M255.102,388.901c0.008,0.203,0.014,0.405,0.023,0.608c1.125,26.716,10.386,51.284,25.386,71.292H82.627L324.12,219.307    l37.784,38.424C301.159,267.757,255,320.362,255,384C255,385.642,255.041,387.274,255.102,388.901z M459.8,218.753    l-68.267-66.859L459.8,83.627V218.753z M186.733,17.067H393.24L186.733,223.573V17.067z M101.4,17.067V102.4H16.067V17.067H101.4    z M16.067,187.733H101.4v121.173L16.067,394.24V187.733z M16.067,460.8v-41.813l99.84-100.693c1.707-1.707,2.56-3.413,2.56-5.973    V179.2c0-5.12-3.413-8.533-8.533-8.533H16.067v-51.2h93.867c5.12,0,8.533-3.413,8.533-8.533V17.067h51.2v226.987    c0,3.413,1.707,6.827,5.12,7.68c3.413,1.707,6.827,0.853,9.387-1.707l233.813-232.96H459.8V58.88l-87.04,87.04    c-1.707,1.707-2.56,3.413-2.56,5.973c0,2.56,0.853,4.267,2.56,5.973l87.04,84.48v39.164    c-15.891-11.914-34.66-20.205-55.096-23.679c-0.504-0.088-1.009-0.168-1.514-0.25c-0.608-0.096-1.218-0.185-1.829-0.272    c-4.753-0.697-9.554-1.116-14.388-1.243c-0.632-0.019-1.265-0.031-1.899-0.041c-0.407-0.004-0.812-0.026-1.22-0.026    l-53.76-54.613c-1.707-1.707-3.413-2.56-5.973-2.56s-4.267,0.853-5.973,2.56L58.733,460.8H16.067z M383,494.933    c-30.504,0-58.058-12.204-78.078-32.008c-20.399-20.609-32.102-47.499-32.82-76.12c-0.023-0.932-0.035-1.867-0.035-2.805    c0-61.44,49.493-110.933,110.933-110.933c0.938,0,1.873,0.012,2.805,0.035c28.621,0.719,55.511,12.421,76.12,32.82    c19.804,20.019,32.008,47.574,32.008,78.078C493.933,445.44,444.44,494.933,383,494.933z\"><\/path>\t\t<\/g>\t<\/g><\/g><\/svg>\t\t\t\t\t\t<\/span>\n\t\t\t\t\t\t\t\t\t\t<span class=\"elementor-icon-list-text\">D\u00e9couvrez notre plan strat\u00e9gique 2025-2030 : une vision audacieuse pour renforcer l\u2019agro\u00e9cologie, l\u2019innovation, l\u2019\u00e9ducation durable et l\u2019inclusion socio-\u00e9conomique en RDC et en Afrique gr\u00e2ce \u00e0 des partenariats forts et engag\u00e9s.<\/span>\n\t\t\t\t\t\t\t\t\t<\/li>\n\t\t\t\t\t\t<\/ul>\n\t\t\t\t\t\t<\/div>\n\t\t\t\t<\/div>\n\t\t\t\t<div class=\"elementor-element elementor-element-35cb289 elementor-align-left elementor-invisible elementor-widget elementor-widget-button\" data-id=\"35cb289\" data-element_type=\"widget\" data-settings=\"{&quot;_animation&quot;:&quot;fadeInUp&quot;}\" data-widget_type=\"button.default\">\n\t\t\t\t<div class=\"elementor-widget-container\">\n\t\t\t\t\t\t\t\t\t<div class=\"elementor-button-wrapper\">\n\t\t\t\t\t<a class=\"elementor-button elementor-button-link elementor-size-sm\" href=\"https:\/\/hopelandcongo.org\/wp-content\/uploads\/2025\/05\/Plan-strategiques-Hope-Land-Congo-2025-2030.pdf\">\n\t\t\t\t\t\t<span class=\"elementor-button-content-wrapper\">\n\t\t\t\t\t\t<span class=\"elementor-button-icon\">\n\t\t\t\t<i aria-hidden=\"true\" class=\"fas fa-directions\"><\/i>\t\t\t<\/span>\n\t\t\t\t\t\t\t\t\t<span class=\"elementor-button-text\">T\u00e9l\u00e9charger<\/span>\n\t\t\t\t\t<\/span>\n\t\t\t\t\t<\/a>\n\t\t\t\t<\/div>\n\t\t\t\t\t\t\t\t<\/div>\n\t\t\t\t<\/div>\n\t\t\t\t\t<\/div>\n\t\t<\/div>\n\t\t\t\t<div class=\"elementor-column elementor-col-50 elementor-inner-column elementor-element elementor-element-ac05d2a elementor-hidden-tablet elementor-hidden-mobile\" data-id=\"ac05d2a\" data-element_type=\"column\" data-settings=\"{&quot;background_background&quot;:&quot;slideshow&quot;,&quot;background_slideshow_gallery&quot;:[{&quot;id&quot;:6768,&quot;url&quot;:&quot;https:\\\/\\\/hopelandcongo.org\\\/wp-content\\\/uploads\\\/2022\\\/12\\\/IMG_5026.jpg&quot;},{&quot;id&quot;:6767,&quot;url&quot;:&quot;https:\\\/\\\/hopelandcongo.org\\\/wp-content\\\/uploads\\\/2022\\\/12\\\/IMG_4888.jpg&quot;},{&quot;id&quot;:6765,&quot;url&quot;:&quot;https:\\\/\\\/hopelandcongo.org\\\/wp-content\\\/uploads\\\/2022\\\/12\\\/CY3A0294.jpg&quot;},{&quot;id&quot;:6763,&quot;url&quot;:&quot;https:\\\/\\\/hopelandcongo.org\\\/wp-content\\\/uploads\\\/2022\\\/12\\\/CY3A0094.jpg&quot;},{&quot;id&quot;:6649,&quot;url&quot;:&quot;https:\\\/\\\/hopelandcongo.org\\\/wp-content\\\/uploads\\\/2022\\\/12\\\/IMG_4549-1.webp&quot;}],&quot;background_slideshow_slide_transition&quot;:&quot;slide_down&quot;,&quot;background_slideshow_ken_burns&quot;:&quot;yes&quot;,&quot;background_slideshow_loop&quot;:&quot;yes&quot;,&quot;background_slideshow_slide_duration&quot;:5000,&quot;background_slideshow_transition_duration&quot;:500,&quot;background_slideshow_ken_burns_zoom_direction&quot;:&quot;in&quot;}\">\n\t\t\t<div class=\"elementor-widget-wrap elementor-element-populated\">\n\t\t\t\t\t\t<div class=\"elementor-element elementor-element-b8a62c4 elementor-widget elementor-widget-image\" data-id=\"b8a62c4\" data-element_type=\"widget\" data-widget_type=\"image.default\">\n\t\t\t\t<div class=\"elementor-widget-container\">\n\t\t\t\t\t\t\t\t\t\t\t\t\t\t\t\t<a href=\"https:\/\/hopelandcongo.org\/wp-content\/uploads\/2025\/05\/Plan-strategiques-Hope-Land-Congo-2025-2030.pdf\">\n\t\t\t\t\t\t\t<img fetchpriority=\"high\" decoding=\"async\" width=\"791\" height=\"1024\" src=\"https:\/\/hopelandcongo.org\/wp-content\/uploads\/2025\/05\/Plan-strategiques-Hope-Land-Congo-2025-2030-791x1024.jpg\" class=\"attachment-large size-large wp-image-7964\" alt=\"\" srcset=\"https:\/\/hopelandcongo.org\/wp-content\/uploads\/2025\/05\/Plan-strategiques-Hope-Land-Congo-2025-2030-791x1024.jpg 791w, https:\/\/hopelandcongo.org\/wp-content\/uploads\/2025\/05\/Plan-strategiques-Hope-Land-Congo-2025-2030-232x300.jpg 232w, https:\/\/hopelandcongo.org\/wp-content\/uploads\/2025\/05\/Plan-strategiques-Hope-Land-Congo-2025-2030-768x994.jpg 768w, https:\/\/hopelandcongo.org\/wp-content\/uploads\/2025\/05\/Plan-strategiques-Hope-Land-Congo-2025-2030-1187x1536.jpg 1187w, https:\/\/hopelandcongo.org\/wp-content\/uploads\/2025\/05\/Plan-strategiques-Hope-Land-Congo-2025-2030.jpg 1545w\" sizes=\"(max-width: 791px) 100vw, 791px\" \/>\t\t\t\t\t\t\t\t<\/a>\n\t\t\t\t\t\t\t\t\t\t\t\t\t\t\t<\/div>\n\t\t\t\t<\/div>\n\t\t\t\t\t<\/div>\n\t\t<\/div>\n\t\t\t\t\t<\/div>\n\t\t<\/section>\n\t\t\t\t\t<\/div>\n\t\t<\/div>\n\t\t\t\t\t<\/div>\n\t\t<\/section>\n\t\t\t\t<section class=\"elementor-section elementor-top-section elementor-element elementor-element-9962e84 elementor-section-boxed elementor-section-height-default elementor-section-height-default\" data-id=\"9962e84\" data-element_type=\"section\">\n\t\t\t\t\t\t<div class=\"elementor-container elementor-column-gap-default\">\n\t\t\t\t\t<div class=\"elementor-column elementor-col-100 elementor-top-column elementor-element elementor-element-e9bce0c\" data-id=\"e9bce0c\" data-element_type=\"column\">\n\t\t\t<div class=\"elementor-widget-wrap\">\n\t\t\t\t\t\t\t<\/div>\n\t\t<\/div>\n\t\t\t\t\t<\/div>\n\t\t<\/section>\n\t\t\t\t<section class=\"elementor-section elementor-top-section elementor-element elementor-element-3659054 elementor-section-boxed elementor-section-height-default elementor-section-height-default elementor-invisible\" data-id=\"3659054\" data-element_type=\"section\" data-settings=\"{&quot;background_background&quot;:&quot;gradient&quot;,&quot;animation&quot;:&quot;fadeInUp&quot;,&quot;shape_divider_top&quot;:&quot;opacity-tilt&quot;,&quot;shape_divider_bottom&quot;:&quot;opacity-tilt&quot;}\">\n\t\t\t\t\t<div class=\"elementor-shape elementor-shape-top\" aria-hidden=\"true\" data-negative=\"false\">\n\t\t\t<svg xmlns=\"http:\/\/www.w3.org\/2000\/svg\" viewBox=\"0 0 2600 131.1\" preserveAspectRatio=\"none\">\n\t<path class=\"elementor-shape-fill\" d=\"M0 0L2600 0 2600 69.1 0 0z\"\/>\n\t<path class=\"elementor-shape-fill\" style=\"opacity:0.5\" d=\"M0 0L2600 0 2600 69.1 0 69.1z\"\/>\n\t<path class=\"elementor-shape-fill\" style=\"opacity:0.25\" d=\"M2600 0L0 0 0 130.1 2600 69.1z\"\/>\n<\/svg>\t\t<\/div>\n\t\t\t\t<div class=\"elementor-shape elementor-shape-bottom\" aria-hidden=\"true\" data-negative=\"false\">\n\t\t\t<svg xmlns=\"http:\/\/www.w3.org\/2000\/svg\" viewBox=\"0 0 2600 131.1\" preserveAspectRatio=\"none\">\n\t<path class=\"elementor-shape-fill\" d=\"M0 0L2600 0 2600 69.1 0 0z\"\/>\n\t<path class=\"elementor-shape-fill\" style=\"opacity:0.5\" d=\"M0 0L2600 0 2600 69.1 0 69.1z\"\/>\n\t<path class=\"elementor-shape-fill\" style=\"opacity:0.25\" d=\"M2600 0L0 0 0 130.1 2600 69.1z\"\/>\n<\/svg>\t\t<\/div>\n\t\t\t\t\t<div class=\"elementor-container elementor-column-gap-default\">\n\t\t\t\t\t<div class=\"elementor-column elementor-col-100 elementor-top-column elementor-element elementor-element-44f25cb\" data-id=\"44f25cb\" data-element_type=\"column\">\n\t\t\t<div class=\"elementor-widget-wrap elementor-element-populated\">\n\t\t\t\t\t\t<div class=\"elementor-element elementor-element-61a5dc2 elementor-headline--style-highlight elementor-widget elementor-widget-animated-headline\" data-id=\"61a5dc2\" data-element_type=\"widget\" data-settings=\"{&quot;marker&quot;:&quot;underline_zigzag&quot;,&quot;headline_style&quot;:&quot;highlight&quot;,&quot;loop&quot;:&quot;yes&quot;,&quot;highlight_animation_duration&quot;:1200,&quot;highlight_iteration_delay&quot;:8000}\" data-widget_type=\"animated-headline.default\">\n\t\t\t\t<div class=\"elementor-widget-container\">\n\t\t\t\t\t\t\t<h3 class=\"elementor-headline\">\n\t\t\t\t\t<span class=\"elementor-headline-plain-text elementor-headline-text-wrapper\">R\u00e9sum\u00e9<\/span>\n\t\t\t\t<span class=\"elementor-headline-dynamic-wrapper elementor-headline-text-wrapper\">\n\t\t\t\t<\/span>\n\t\t\t\t<\/h3>\n\t\t\t\t\t\t<\/div>\n\t\t\t\t<\/div>\n\t\t\t\t<div class=\"elementor-element elementor-element-c67689c elementor-widget elementor-widget-heading\" data-id=\"c67689c\" data-element_type=\"widget\" data-widget_type=\"heading.default\">\n\t\t\t\t<div class=\"elementor-widget-container\">\n\t\t\t\t\t<h2 class=\"elementor-heading-title elementor-size-default\">Le pr\u00e9sent plan strat\u00e9gique de Hope Land Congo 2025-2030 vise \u00e0 d\u00e9finir les axes prioritaires, les programmes phares et les partenariats n\u00e9cessaires pour r\u00e9aliser notre vision d\u2019un d\u00e9veloppement \u00e9conomique durable et inclusif en RDC. Les domaines d\u2019intervention se concentrent sur l'autonomisation des jeunes, le renforcement des comp\u00e9tences agricoles et l'int\u00e9gration \u00e9conomique r\u00e9gionale. Nous poursuivons trois objectifs principaux :<\/h2>\t\t\t\t<\/div>\n\t\t\t\t<\/div>\n\t\t\t\t<div class=\"elementor-element elementor-element-973cfe6 elementor-align-left elementor-icon-list--layout-traditional elementor-list-item-link-full_width elementor-widget elementor-widget-icon-list\" data-id=\"973cfe6\" data-element_type=\"widget\" data-widget_type=\"icon-list.default\">\n\t\t\t\t<div class=\"elementor-widget-container\">\n\t\t\t\t\t\t\t<ul class=\"elementor-icon-list-items\">\n\t\t\t\t\t\t\t<li class=\"elementor-icon-list-item\">\n\t\t\t\t\t\t\t\t\t\t\t<span class=\"elementor-icon-list-icon\">\n\t\t\t\t\t\t\t<svg xmlns=\"http:\/\/www.w3.org\/2000\/svg\" width=\"800px\" height=\"800px\" viewBox=\"0 0 48 48\"><title>check-all-solid<\/title><g id=\"Layer_2\" data-name=\"Layer 2\"><g id=\"invisible_box\" data-name=\"invisible box\"><rect width=\"48\" height=\"48\" fill=\"none\"><\/rect><\/g><g id=\"icons_Q2\" data-name=\"icons Q2\"><path d=\"M20.6,38.4l-8-7.9a2.1,2.1,0,0,1-.2-2.7,1.9,1.9,0,0,1,3-.2L22,34.2,42.6,13.6a2,2,0,0,1,2.8,2.8l-22,22A1.9,1.9,0,0,1,20.6,38.4Z\"><\/path><path d=\"M12,39a2,2,0,0,1-1.4-.6l-8-8a1.9,1.9,0,0,1,0-2.8,1.9,1.9,0,0,1,2.8,0l8,8a1.9,1.9,0,0,1,0,2.8A2,2,0,0,1,12,39Z\"><\/path><path d=\"M22,29a2,2,0,0,1-1.4-.6,1.9,1.9,0,0,1,0-2.8l12-12a2,2,0,0,1,2.8,2.8l-12,12A2,2,0,0,1,22,29Z\"><\/path><\/g><\/g><\/svg>\t\t\t\t\t\t<\/span>\n\t\t\t\t\t\t\t\t\t\t<span class=\"elementor-icon-list-text\">Renforcement des capacit\u00e9s entrepreneuriales et agricoles. <\/span>\n\t\t\t\t\t\t\t\t\t<\/li>\n\t\t\t\t\t\t\t\t<li class=\"elementor-icon-list-item\">\n\t\t\t\t\t\t\t\t\t\t\t<span class=\"elementor-icon-list-icon\">\n\t\t\t\t\t\t\t<svg xmlns=\"http:\/\/www.w3.org\/2000\/svg\" width=\"800px\" height=\"800px\" viewBox=\"0 0 48 48\"><title>check-all-solid<\/title><g id=\"Layer_2\" data-name=\"Layer 2\"><g id=\"invisible_box\" data-name=\"invisible box\"><rect width=\"48\" height=\"48\" fill=\"none\"><\/rect><\/g><g id=\"icons_Q2\" data-name=\"icons Q2\"><path d=\"M20.6,38.4l-8-7.9a2.1,2.1,0,0,1-.2-2.7,1.9,1.9,0,0,1,3-.2L22,34.2,42.6,13.6a2,2,0,0,1,2.8,2.8l-22,22A1.9,1.9,0,0,1,20.6,38.4Z\"><\/path><path d=\"M12,39a2,2,0,0,1-1.4-.6l-8-8a1.9,1.9,0,0,1,0-2.8,1.9,1.9,0,0,1,2.8,0l8,8a1.9,1.9,0,0,1,0,2.8A2,2,0,0,1,12,39Z\"><\/path><path d=\"M22,29a2,2,0,0,1-1.4-.6,1.9,1.9,0,0,1,0-2.8l12-12a2,2,0,0,1,2.8,2.8l-12,12A2,2,0,0,1,22,29Z\"><\/path><\/g><\/g><\/svg>\t\t\t\t\t\t<\/span>\n\t\t\t\t\t\t\t\t\t\t<span class=\"elementor-icon-list-text\">\u00c9changes d\u2019exp\u00e9riences et de bonnes pratiques. Coop\u00e9ration \u00e9conomique r\u00e9gionale<\/span>\n\t\t\t\t\t\t\t\t\t<\/li>\n\t\t\t\t\t\t\t\t<li class=\"elementor-icon-list-item\">\n\t\t\t\t\t\t\t\t\t\t\t<span class=\"elementor-icon-list-icon\">\n\t\t\t\t\t\t\t<svg xmlns=\"http:\/\/www.w3.org\/2000\/svg\" width=\"800px\" height=\"800px\" viewBox=\"0 0 48 48\"><title>check-all-solid<\/title><g id=\"Layer_2\" data-name=\"Layer 2\"><g id=\"invisible_box\" data-name=\"invisible box\"><rect width=\"48\" height=\"48\" fill=\"none\"><\/rect><\/g><g id=\"icons_Q2\" data-name=\"icons Q2\"><path d=\"M20.6,38.4l-8-7.9a2.1,2.1,0,0,1-.2-2.7,1.9,1.9,0,0,1,3-.2L22,34.2,42.6,13.6a2,2,0,0,1,2.8,2.8l-22,22A1.9,1.9,0,0,1,20.6,38.4Z\"><\/path><path d=\"M12,39a2,2,0,0,1-1.4-.6l-8-8a1.9,1.9,0,0,1,0-2.8,1.9,1.9,0,0,1,2.8,0l8,8a1.9,1.9,0,0,1,0,2.8A2,2,0,0,1,12,39Z\"><\/path><path d=\"M22,29a2,2,0,0,1-1.4-.6,1.9,1.9,0,0,1,0-2.8l12-12a2,2,0,0,1,2.8,2.8l-12,12A2,2,0,0,1,22,29Z\"><\/path><\/g><\/g><\/svg>\t\t\t\t\t\t<\/span>\n\t\t\t\t\t\t\t\t\t\t<span class=\"elementor-icon-list-text\">Coop\u00e9ration \u00e9conomique r\u00e9gionale.<\/span>\n\t\t\t\t\t\t\t\t\t<\/li>\n\t\t\t\t\t\t<\/ul>\n\t\t\t\t\t\t<\/div>\n\t\t\t\t<\/div>\n\t\t\t\t<div class=\"elementor-element elementor-element-10e7ea8 elementor-widget elementor-widget-heading\" data-id=\"10e7ea8\" data-element_type=\"widget\" data-widget_type=\"heading.default\">\n\t\t\t\t<div class=\"elementor-widget-container\">\n\t\t\t\t\t<h2 class=\"elementor-heading-title elementor-size-default\">Nos programmes comme Agrischool Academy Congo, Agrotour International et le Forum Ecocitoyen sont au c\u0153ur de notre mission et seront renforc\u00e9s dans les cinq prochaines ann\u00e9es pour assurer leur durabilit\u00e9 et leur impact \u00e0 long terme.<\/h2>\t\t\t\t<\/div>\n\t\t\t\t<\/div>\n\t\t\t\t\t<\/div>\n\t\t<\/div>\n\t\t\t\t\t<\/div>\n\t\t<\/section>\n\t\t\t\t<\/div>\n\t\t","protected":false},"excerpt":{"rendered":"<p>PLAN STRAT\u00c9GIQUE 2025 &#8211; 2030 D\u00e9couvrez notre plan strat\u00e9gique 2025-2030 : une vision audacieuse pour renforcer l\u2019agro\u00e9cologie, l\u2019innovation, l\u2019\u00e9ducation durable et l\u2019inclusion socio-\u00e9conomique en RDC et en Afrique gr\u00e2ce \u00e0 des partenariats forts et engag\u00e9s. T\u00e9l\u00e9charger R\u00e9sum\u00e9 Le pr\u00e9sent plan strat\u00e9gique de Hope Land Congo 2025-2030 vise \u00e0 d\u00e9finir les axes prioritaires, les programmes phares [&hellip;]<\/p>\n","protected":false},"author":1,"featured_media":0,"parent":0,"menu_order":0,"comment_status":"closed","ping_status":"closed","template":"elementor_header_footer","meta":{"footnotes":""},"class_list":["post-7971","page","type-page","status-publish","hentry"],"_links":{"self":[{"href":"https:\/\/hopelandcongo.org\/index.php?rest_route=\/wp\/v2\/pages\/7971","targetHints":{"allow":["GET"]}}],"collection":[{"href":"https:\/\/hopelandcongo.org\/index.php?rest_route=\/wp\/v2\/pages"}],"about":[{"href":"https:\/\/hopelandcongo.org\/index.php?rest_route=\/wp\/v2\/types\/page"}],"author":[{"embeddable":true,"href":"https:\/\/hopelandcongo.org\/index.php?rest_route=\/wp\/v2\/users\/1"}],"replies":[{"embeddable":true,"href":"https:\/\/hopelandcongo.org\/index.php?rest_route=%2Fwp%2Fv2%2Fcomments&post=7971"}],"version-history":[{"count":11,"href":"https:\/\/hopelandcongo.org\/index.php?rest_route=\/wp\/v2\/pages\/7971\/revisions"}],"predecessor-version":[{"id":8325,"href":"https:\/\/hopelandcongo.org\/index.php?rest_route=\/wp\/v2\/pages\/7971\/revisions\/8325"}],"wp:attachment":[{"href":"https:\/\/hopelandcongo.org\/index.php?rest_route=%2Fwp%2Fv2%2Fmedia&parent=7971"}],"curies":[{"name":"wp","href":"https:\/\/api.w.org\/{rel}","templated":true}]}}