{"id":8127,"date":"2025-09-19T13:55:03","date_gmt":"2025-09-19T13:55:03","guid":{"rendered":"https:\/\/hopelandcongo.org\/?page_id=8127"},"modified":"2025-09-21T13:34:33","modified_gmt":"2025-09-21T13:34:33","slug":"forum-des-jeunes-ecocitoyens","status":"publish","type":"page","link":"https:\/\/hopelandcongo.org\/?page_id=8127","title":{"rendered":"Forum des Jeunes Ecocitoyens"},"content":{"rendered":"\t\t<div data-elementor-type=\"wp-page\" data-elementor-id=\"8127\" class=\"elementor elementor-8127\" data-elementor-post-type=\"page\">\n\t\t\t\t\t\t<section class=\"elementor-section elementor-top-section elementor-element elementor-element-3af629e elementor-section-boxed elementor-section-height-default elementor-section-height-default\" data-id=\"3af629e\" data-element_type=\"section\">\n\t\t\t\t\t\t<div class=\"elementor-container elementor-column-gap-default\">\n\t\t\t\t\t<div class=\"elementor-column elementor-col-100 elementor-top-column elementor-element elementor-element-3b06358\" data-id=\"3b06358\" data-element_type=\"column\">\n\t\t\t<div class=\"elementor-widget-wrap elementor-element-populated\">\n\t\t\t\t\t\t<div class=\"elementor-element elementor-element-8226ed3 elementor-widget elementor-widget-spacer\" data-id=\"8226ed3\" data-element_type=\"widget\" data-widget_type=\"spacer.default\">\n\t\t\t\t<div class=\"elementor-widget-container\">\n\t\t\t\t\t\t\t<div class=\"elementor-spacer\">\n\t\t\t<div class=\"elementor-spacer-inner\"><\/div>\n\t\t<\/div>\n\t\t\t\t\t\t<\/div>\n\t\t\t\t<\/div>\n\t\t\t\t\t<\/div>\n\t\t<\/div>\n\t\t\t\t\t<\/div>\n\t\t<\/section>\n\t\t\t\t<section class=\"elementor-section elementor-top-section elementor-element elementor-element-0417688 elementor-section-boxed elementor-section-height-default elementor-section-height-default\" data-id=\"0417688\" data-element_type=\"section\">\n\t\t\t\t\t\t<div class=\"elementor-container elementor-column-gap-default\">\n\t\t\t\t\t<div class=\"elementor-column elementor-col-50 elementor-top-column elementor-element elementor-element-e7e3649\" data-id=\"e7e3649\" data-element_type=\"column\">\n\t\t\t<div class=\"elementor-widget-wrap elementor-element-populated\">\n\t\t\t\t\t\t<div class=\"elementor-element elementor-element-acfc8df elementor-widget elementor-widget-image\" data-id=\"acfc8df\" data-element_type=\"widget\" data-widget_type=\"image.default\">\n\t\t\t\t<div class=\"elementor-widget-container\">\n\t\t\t\t\t\t\t\t\t\t\t\t\t\t\t<img fetchpriority=\"high\" decoding=\"async\" width=\"275\" height=\"333\" src=\"https:\/\/hopelandcongo.org\/wp-content\/uploads\/2024\/08\/Screenshot-2024-08-21-193219-1.jpg\" class=\"attachment-large size-large wp-image-7590\" alt=\"\" srcset=\"https:\/\/hopelandcongo.org\/wp-content\/uploads\/2024\/08\/Screenshot-2024-08-21-193219-1.jpg 275w, https:\/\/hopelandcongo.org\/wp-content\/uploads\/2024\/08\/Screenshot-2024-08-21-193219-1-248x300.jpg 248w\" sizes=\"(max-width: 275px) 100vw, 275px\" \/>\t\t\t\t\t\t\t\t\t\t\t\t\t\t\t<\/div>\n\t\t\t\t<\/div>\n\t\t\t\t\t<\/div>\n\t\t<\/div>\n\t\t\t\t<div class=\"elementor-column elementor-col-50 elementor-top-column elementor-element elementor-element-bf7647c\" data-id=\"bf7647c\" data-element_type=\"column\">\n\t\t\t<div class=\"elementor-widget-wrap elementor-element-populated\">\n\t\t\t\t\t\t<div class=\"elementor-element elementor-element-0a849f8 elementor-widget elementor-widget-text-editor\" data-id=\"0a849f8\" data-element_type=\"widget\" data-widget_type=\"text-editor.default\">\n\t\t\t\t<div class=\"elementor-widget-container\">\n\t\t\t\t\t\t\t\t\t<div class=\"elementor-element elementor-element-4343e2c elementor-widget elementor-widget-heading\" data-id=\"4343e2c\" data-element_type=\"widget\" data-widget_type=\"heading.default\"><div class=\"elementor-widget-container\"><h2 class=\"elementor-heading-title elementor-size-small\"><span style=\"color: #000000;\"><strong><span style=\"font-size: 14pt;\">\u00ab Engagement \u00e9co-citoyen pour la Paix, l\u2019Egalit\u00e9 de sexe et la Justice Tous \u00bb<\/span><\/strong><\/span><\/h2><\/div><\/div><div class=\"elementor-element elementor-element-8df1ea7 elementor-widget elementor-widget-text-editor\" data-id=\"8df1ea7\" data-element_type=\"widget\" data-widget_type=\"text-editor.default\"><div class=\"elementor-widget-container\"><p><span style=\"color: #000000;\">Forum des Jeunes Ecocitoyens est une rencontre des experts et activistes de l\u2019environnement, qui consiste \u00e0 un atelier d\u2019\u00e9change et d\u00e9bat sur le climat et l\u2019environnement organis\u00e9 en pr\u00e9lude de la Cop (conf\u00e9rence des parties) qui vise \u00e0 faire l\u2019\u00e9tat de lieux du climat en RDC.<\/span><\/p><p><span style=\"color: #000000;\">120 jeunes \u00e9coliers ont fait entendre leurs voix pendant le FOJEC et ont recommand\u00e9 aux d\u00e9cideurs politiques l\u2019impl\u00e9mentation d\u2019une justice climatique pour tous dans un environnement de paix domin\u00e9 par l\u2019\u00e9galit\u00e9 de sexe. Ce qui a permis la cr\u00e9ation d&rsquo;un R\u00e9seau des jeunes a \u00e9t\u00e9 \u00e9galement mise en place pour la continuit\u00e9 des activit\u00e9s de sensibilisation dans les \u00e9coles.<\/span><\/p><\/div><\/div>\t\t\t\t\t\t\t\t<\/div>\n\t\t\t\t<\/div>\n\t\t\t\t\t<\/div>\n\t\t<\/div>\n\t\t\t\t\t<\/div>\n\t\t<\/section>\n\t\t\t\t<section class=\"elementor-section elementor-top-section elementor-element elementor-element-44f3b7e elementor-section-boxed elementor-section-height-default elementor-section-height-default\" data-id=\"44f3b7e\" data-element_type=\"section\">\n\t\t\t\t\t\t<div class=\"elementor-container elementor-column-gap-default\">\n\t\t\t\t\t<div class=\"elementor-column elementor-col-100 elementor-top-column elementor-element elementor-element-79a1f13\" data-id=\"79a1f13\" data-element_type=\"column\">\n\t\t\t<div class=\"elementor-widget-wrap elementor-element-populated\">\n\t\t\t\t\t\t<div class=\"elementor-element elementor-element-3425c81 elementor-widget elementor-widget-text-editor\" data-id=\"3425c81\" data-element_type=\"widget\" data-widget_type=\"text-editor.default\">\n\t\t\t\t<div class=\"elementor-widget-container\">\n\t\t\t\t\t\t\t\t\t<p style=\"text-align: center;\"><span style=\"color: #000000; font-size: 18pt;\"><strong data-start=\"242\" data-end=\"272\">Agir pour le climat en RDC<br \/><\/strong><\/span><br data-start=\"272\" data-end=\"275\" \/><span style=\"color: #000000;\">Rejoignez le mouvement des jeunes \u00e9co-citoyens et engagez-vous dans la lutte contre le changement climatique pour b\u00e2tir un avenir durable et \u00e9quitable.<\/span><\/p>\t\t\t\t\t\t\t\t<\/div>\n\t\t\t\t<\/div>\n\t\t\t\t\t<\/div>\n\t\t<\/div>\n\t\t\t\t\t<\/div>\n\t\t<\/section>\n\t\t\t\t<section class=\"elementor-section elementor-top-section elementor-element elementor-element-fdf68f9 elementor-section-boxed elementor-section-height-default elementor-section-height-default\" data-id=\"fdf68f9\" data-element_type=\"section\">\n\t\t\t\t\t\t<div class=\"elementor-container elementor-column-gap-default\">\n\t\t\t\t\t<div class=\"elementor-column elementor-col-100 elementor-top-column elementor-element elementor-element-cd3852d\" data-id=\"cd3852d\" data-element_type=\"column\">\n\t\t\t<div class=\"elementor-widget-wrap elementor-element-populated\">\n\t\t\t\t\t\t<div class=\"elementor-element elementor-element-d740917 elementor-cta--layout-image-above elementor-cta--skin-classic elementor-animated-content elementor-bg-transform elementor-bg-transform-zoom-in elementor-widget elementor-widget-call-to-action\" data-id=\"d740917\" data-element_type=\"widget\" data-widget_type=\"call-to-action.default\">\n\t\t\t\t<div class=\"elementor-widget-container\">\n\t\t\t\t\t\t\t<div class=\"elementor-cta\">\n\t\t\t\t\t<div class=\"elementor-cta__bg-wrapper\">\n\t\t\t\t<div class=\"elementor-cta__bg elementor-bg\" style=\"background-image: url(https:\/\/hopelandcongo.org\/wp-content\/uploads\/2025\/09\/IMG-20230330-WA0055-1-1024x683.jpg);\" role=\"img\" aria-label=\"IMG-20230330-WA0055 (1)\"><\/div>\n\t\t\t\t<div class=\"elementor-cta__bg-overlay\"><\/div>\n\t\t\t<\/div>\n\t\t\t\t\t\t\t<div class=\"elementor-cta__content\">\n\t\t\t\t\n\t\t\t\t\t\t\t\t\t<h2 class=\"elementor-cta__title elementor-cta__content-item elementor-content-item\">\n\t\t\t\t\t\tAgir d\u00e8s aujourd\u2019hui\t\t\t\t\t<\/h2>\n\t\t\t\t\n\t\t\t\t\t\t\t\t\t<div class=\"elementor-cta__description elementor-cta__content-item elementor-content-item\">\n\t\t\t\t\t\tDevenez un acteur du changement avec Hope Land Congo. Rejoignez le Forum des Jeunes \u00c9cocitoyens et engagez-vous pour la paix, l\u2019\u00e9galit\u00e9 et la justice climatique !\t\t\t\t\t<\/div>\n\t\t\t\t\n\t\t\t\t\t\t\t\t\t<div class=\"elementor-cta__button-wrapper elementor-cta__content-item elementor-content-item \">\n\t\t\t\t\t<a class=\"elementor-cta__button elementor-button elementor-size-sm\" href=\"https:\/\/hopelandcongo.org\/?page_id=7956\">\n\t\t\t\t\t\tRapport d'activit\u00e9\t\t\t\t\t<\/a>\n\t\t\t\t\t<\/div>\n\t\t\t\t\t\t\t<\/div>\n\t\t\t\t\t\t<\/div>\n\t\t\t\t\t\t<\/div>\n\t\t\t\t<\/div>\n\t\t\t\t\t<\/div>\n\t\t<\/div>\n\t\t\t\t\t<\/div>\n\t\t<\/section>\n\t\t\t\t<section class=\"elementor-section elementor-top-section elementor-element elementor-element-dd4e3ec elementor-section-boxed elementor-section-height-default elementor-section-height-default\" data-id=\"dd4e3ec\" data-element_type=\"section\">\n\t\t\t\t\t\t<div class=\"elementor-container elementor-column-gap-default\">\n\t\t\t\t\t<div class=\"elementor-column elementor-col-100 elementor-top-column elementor-element elementor-element-4b5e5f5\" data-id=\"4b5e5f5\" data-element_type=\"column\">\n\t\t\t<div class=\"elementor-widget-wrap elementor-element-populated\">\n\t\t\t\t\t\t<div class=\"elementor-element elementor-element-b375c22 elementor-widget elementor-widget-text-editor\" data-id=\"b375c22\" data-element_type=\"widget\" data-widget_type=\"text-editor.default\">\n\t\t\t\t<div class=\"elementor-widget-container\">\n\t\t\t\t\t\t\t\t\t<p style=\"text-align: center;\"><span style=\"color: #000000; font-size: 18pt;\"><strong data-start=\"827\" data-end=\"870\">Promouvoir la paix et l\u2019\u00e9galit\u00e9 de sexe<br \/><br \/><\/strong><\/span><span style=\"color: #000000;\">Contribuez \u00e0 un environnement de paix o\u00f9 hommes et femmes participent \u00e0 \u00e9galit\u00e9 dans la protection de la plan\u00e8te et la prise de d\u00e9cision.<\/span><\/p>\t\t\t\t\t\t\t\t<\/div>\n\t\t\t\t<\/div>\n\t\t\t\t\t<\/div>\n\t\t<\/div>\n\t\t\t\t\t<\/div>\n\t\t<\/section>\n\t\t\t\t<section class=\"elementor-section elementor-top-section elementor-element elementor-element-7deaa2f elementor-section-boxed elementor-section-height-default elementor-section-height-default\" data-id=\"7deaa2f\" data-element_type=\"section\">\n\t\t\t\t\t\t<div class=\"elementor-container elementor-column-gap-default\">\n\t\t\t\t\t<div class=\"elementor-column elementor-col-100 elementor-top-column elementor-element elementor-element-2fb3ea8\" data-id=\"2fb3ea8\" data-element_type=\"column\">\n\t\t\t<div class=\"elementor-widget-wrap elementor-element-populated\">\n\t\t\t\t\t\t<div class=\"elementor-element elementor-element-6cff58f elementor-arrows-position-inside elementor-pagination-position-outside elementor-widget elementor-widget-image-carousel\" data-id=\"6cff58f\" data-element_type=\"widget\" data-settings=\"{&quot;slides_to_show&quot;:&quot;1&quot;,&quot;navigation&quot;:&quot;both&quot;,&quot;autoplay&quot;:&quot;yes&quot;,&quot;pause_on_hover&quot;:&quot;yes&quot;,&quot;pause_on_interaction&quot;:&quot;yes&quot;,&quot;autoplay_speed&quot;:5000,&quot;infinite&quot;:&quot;yes&quot;,&quot;effect&quot;:&quot;slide&quot;,&quot;speed&quot;:500}\" data-widget_type=\"image-carousel.default\">\n\t\t\t\t<div class=\"elementor-widget-container\">\n\t\t\t\t\t\t\t<div class=\"elementor-image-carousel-wrapper swiper\" role=\"region\" aria-roledescription=\"carousel\" aria-label=\"Carrousel d\u2019images\" dir=\"ltr\">\n\t\t\t<div class=\"elementor-image-carousel swiper-wrapper swiper-image-stretch\" aria-live=\"off\">\n\t\t\t\t\t\t\t\t<div class=\"swiper-slide\" role=\"group\" aria-roledescription=\"slide\" aria-label=\"1 sur 9\"><figure class=\"swiper-slide-inner\"><img decoding=\"async\" class=\"swiper-slide-image\" src=\"https:\/\/hopelandcongo.org\/wp-content\/uploads\/2023\/04\/IMG_2288_HP-768x512.webp\" alt=\"IMG_2288_HP\" \/><\/figure><\/div><div class=\"swiper-slide\" role=\"group\" aria-roledescription=\"slide\" aria-label=\"2 sur 9\"><figure class=\"swiper-slide-inner\"><img decoding=\"async\" class=\"swiper-slide-image\" src=\"https:\/\/hopelandcongo.org\/wp-content\/uploads\/2023\/04\/IMG_2287_HP-768x512.webp\" alt=\"IMG_2287_HP\" \/><\/figure><\/div><div class=\"swiper-slide\" role=\"group\" aria-roledescription=\"slide\" aria-label=\"3 sur 9\"><figure class=\"swiper-slide-inner\"><img decoding=\"async\" class=\"swiper-slide-image\" src=\"https:\/\/hopelandcongo.org\/wp-content\/uploads\/2023\/04\/IMG_2286_HP-768x576.webp\" alt=\"IMG_2286_HP\" \/><\/figure><\/div><div class=\"swiper-slide\" role=\"group\" aria-roledescription=\"slide\" aria-label=\"4 sur 9\"><figure class=\"swiper-slide-inner\"><img decoding=\"async\" class=\"swiper-slide-image\" src=\"https:\/\/hopelandcongo.org\/wp-content\/uploads\/2023\/02\/688b8cab-6216-426f-954f-d05452cb2f6c-768x512.webp\" alt=\"688b8cab-6216-426f-954f-d05452cb2f6c\" \/><\/figure><\/div><div class=\"swiper-slide\" role=\"group\" aria-roledescription=\"slide\" aria-label=\"5 sur 9\"><figure class=\"swiper-slide-inner\"><img decoding=\"async\" class=\"swiper-slide-image\" src=\"https:\/\/hopelandcongo.org\/wp-content\/uploads\/2023\/02\/1fbf9076-d6fe-4f02-8e68-07f4728435e4-768x512.webp\" alt=\"1fbf9076-d6fe-4f02-8e68-07f4728435e4\" \/><\/figure><\/div><div class=\"swiper-slide\" role=\"group\" aria-roledescription=\"slide\" aria-label=\"6 sur 9\"><figure class=\"swiper-slide-inner\"><img decoding=\"async\" class=\"swiper-slide-image\" src=\"https:\/\/hopelandcongo.org\/wp-content\/uploads\/2023\/02\/6de20393-7f0f-46d8-bee8-9d953bac3733-768x512.webp\" alt=\"6de20393-7f0f-46d8-bee8-9d953bac3733\" \/><\/figure><\/div><div class=\"swiper-slide\" role=\"group\" aria-roledescription=\"slide\" aria-label=\"7 sur 9\"><figure class=\"swiper-slide-inner\"><img decoding=\"async\" class=\"swiper-slide-image\" src=\"https:\/\/hopelandcongo.org\/wp-content\/uploads\/2023\/04\/IMG_2289_HP-768x512.webp\" alt=\"IMG_2289_HP\" \/><\/figure><\/div><div class=\"swiper-slide\" role=\"group\" aria-roledescription=\"slide\" aria-label=\"8 sur 9\"><figure class=\"swiper-slide-inner\"><img decoding=\"async\" class=\"swiper-slide-image\" src=\"https:\/\/hopelandcongo.org\/wp-content\/uploads\/2025\/09\/IMG-20230330-WA0066-768x512.jpg\" alt=\"IMG-20230330-WA0066\" \/><\/figure><\/div><div class=\"swiper-slide\" role=\"group\" aria-roledescription=\"slide\" aria-label=\"9 sur 9\"><figure class=\"swiper-slide-inner\"><img decoding=\"async\" class=\"swiper-slide-image\" src=\"https:\/\/hopelandcongo.org\/wp-content\/uploads\/2025\/09\/IMG-20230330-WA0055-1-768x512.jpg\" alt=\"IMG-20230330-WA0055 (1)\" \/><\/figure><\/div>\t\t\t<\/div>\n\t\t\t\t\t\t\t\t\t\t\t\t<div class=\"elementor-swiper-button elementor-swiper-button-prev\" role=\"button\" tabindex=\"0\">\n\t\t\t\t\t\t<i aria-hidden=\"true\" class=\"eicon-chevron-left\"><\/i>\t\t\t\t\t<\/div>\n\t\t\t\t\t<div class=\"elementor-swiper-button elementor-swiper-button-next\" role=\"button\" tabindex=\"0\">\n\t\t\t\t\t\t<i aria-hidden=\"true\" class=\"eicon-chevron-right\"><\/i>\t\t\t\t\t<\/div>\n\t\t\t\t\n\t\t\t\t\t\t\t\t\t<div class=\"swiper-pagination\"><\/div>\n\t\t\t\t\t\t\t\t\t<\/div>\n\t\t\t\t\t\t<\/div>\n\t\t\t\t<\/div>\n\t\t\t\t\t<\/div>\n\t\t<\/div>\n\t\t\t\t\t<\/div>\n\t\t<\/section>\n\t\t\t\t<section class=\"elementor-section elementor-top-section elementor-element elementor-element-7f2a687 elementor-section-boxed elementor-section-height-default elementor-section-height-default\" data-id=\"7f2a687\" data-element_type=\"section\">\n\t\t\t\t\t\t<div class=\"elementor-container elementor-column-gap-default\">\n\t\t\t\t\t<div class=\"elementor-column elementor-col-100 elementor-top-column elementor-element elementor-element-72227ec\" data-id=\"72227ec\" data-element_type=\"column\">\n\t\t\t<div class=\"elementor-widget-wrap elementor-element-populated\">\n\t\t\t\t\t\t<div class=\"elementor-element elementor-element-0961762 elementor-widget elementor-widget-text-editor\" data-id=\"0961762\" data-element_type=\"widget\" data-widget_type=\"text-editor.default\">\n\t\t\t\t<div class=\"elementor-widget-container\">\n\t\t\t\t\t\t\t\t\t<p style=\"text-align: center;\"><span style=\"color: #000000; font-size: 18pt;\"><strong data-start=\"614\" data-end=\"645\">Construire un r\u00e9seau engag\u00e9<\/strong><\/span><\/p><p style=\"text-align: center;\"><span style=\"color: #000000;\">Participez au <strong data-start=\"662\" data-end=\"695\">R\u00e9seau des Jeunes \u00c9cocitoyens<\/strong>, un espace collaboratif pour prolonger la sensibilisation et l\u2019\u00e9ducation environnementale dans les \u00e9coles et les communaut\u00e9s.<\/span><\/p>\t\t\t\t\t\t\t\t<\/div>\n\t\t\t\t<\/div>\n\t\t\t\t\t<\/div>\n\t\t<\/div>\n\t\t\t\t\t<\/div>\n\t\t<\/section>\n\t\t\t\t<\/div>\n\t\t","protected":false},"excerpt":{"rendered":"<p>\u00ab Engagement \u00e9co-citoyen pour la Paix, l\u2019Egalit\u00e9 de sexe et la Justice Tous \u00bb Forum des Jeunes Ecocitoyens est une rencontre des experts et activistes de l\u2019environnement, qui consiste \u00e0 un atelier d\u2019\u00e9change et d\u00e9bat sur le climat et l\u2019environnement organis\u00e9 en pr\u00e9lude de la Cop (conf\u00e9rence des parties) qui vise \u00e0 faire l\u2019\u00e9tat de [&hellip;]<\/p>\n","protected":false},"author":1,"featured_media":0,"parent":0,"menu_order":0,"comment_status":"closed","ping_status":"closed","template":"elementor_header_footer","meta":{"footnotes":""},"class_list":["post-8127","page","type-page","status-publish","hentry"],"_links":{"self":[{"href":"https:\/\/hopelandcongo.org\/index.php?rest_route=\/wp\/v2\/pages\/8127","targetHints":{"allow":["GET"]}}],"collection":[{"href":"https:\/\/hopelandcongo.org\/index.php?rest_route=\/wp\/v2\/pages"}],"about":[{"href":"https:\/\/hopelandcongo.org\/index.php?rest_route=\/wp\/v2\/types\/page"}],"author":[{"embeddable":true,"href":"https:\/\/hopelandcongo.org\/index.php?rest_route=\/wp\/v2\/users\/1"}],"replies":[{"embeddable":true,"href":"https:\/\/hopelandcongo.org\/index.php?rest_route=%2Fwp%2Fv2%2Fcomments&post=8127"}],"version-history":[{"count":43,"href":"https:\/\/hopelandcongo.org\/index.php?rest_route=\/wp\/v2\/pages\/8127\/revisions"}],"predecessor-version":[{"id":8314,"href":"https:\/\/hopelandcongo.org\/index.php?rest_route=\/wp\/v2\/pages\/8127\/revisions\/8314"}],"wp:attachment":[{"href":"https:\/\/hopelandcongo.org\/index.php?rest_route=%2Fwp%2Fv2%2Fmedia&parent=8127"}],"curies":[{"name":"wp","href":"https:\/\/api.w.org\/{rel}","templated":true}]}}