{"id":8265,"date":"2025-09-19T22:07:25","date_gmt":"2025-09-19T22:07:25","guid":{"rendered":"https:\/\/hopelandcongo.org\/?page_id=8265"},"modified":"2025-09-19T23:00:13","modified_gmt":"2025-09-19T23:00:13","slug":"agriechange-cancongo","status":"publish","type":"page","link":"https:\/\/hopelandcongo.org\/?page_id=8265","title":{"rendered":"Agriechange CANCONGO"},"content":{"rendered":"\t\t<div data-elementor-type=\"wp-page\" data-elementor-id=\"8265\" class=\"elementor elementor-8265\" data-elementor-post-type=\"page\">\n\t\t\t\t\t\t<section class=\"elementor-section elementor-top-section elementor-element elementor-element-1ae12cc elementor-section-boxed elementor-section-height-default elementor-section-height-default\" data-id=\"1ae12cc\" data-element_type=\"section\">\n\t\t\t\t\t\t<div class=\"elementor-container elementor-column-gap-default\">\n\t\t\t\t\t<div class=\"elementor-column elementor-col-100 elementor-top-column elementor-element elementor-element-33e4f0b\" data-id=\"33e4f0b\" data-element_type=\"column\">\n\t\t\t<div class=\"elementor-widget-wrap elementor-element-populated\">\n\t\t\t\t\t\t<div class=\"elementor-element elementor-element-1d59b8e elementor-widget elementor-widget-spacer\" data-id=\"1d59b8e\" data-element_type=\"widget\" data-widget_type=\"spacer.default\">\n\t\t\t\t<div class=\"elementor-widget-container\">\n\t\t\t\t\t\t\t<div class=\"elementor-spacer\">\n\t\t\t<div class=\"elementor-spacer-inner\"><\/div>\n\t\t<\/div>\n\t\t\t\t\t\t<\/div>\n\t\t\t\t<\/div>\n\t\t\t\t\t<\/div>\n\t\t<\/div>\n\t\t\t\t\t<\/div>\n\t\t<\/section>\n\t\t\t\t<section class=\"elementor-section elementor-top-section elementor-element elementor-element-c534a85 elementor-section-boxed elementor-section-height-default elementor-section-height-default\" data-id=\"c534a85\" data-element_type=\"section\">\n\t\t\t\t\t\t<div class=\"elementor-container elementor-column-gap-default\">\n\t\t\t\t\t<div class=\"elementor-column elementor-col-50 elementor-top-column elementor-element elementor-element-be47a0c\" data-id=\"be47a0c\" data-element_type=\"column\">\n\t\t\t<div class=\"elementor-widget-wrap elementor-element-populated\">\n\t\t\t\t\t\t<div class=\"elementor-element elementor-element-9b7f933 elementor-widget elementor-widget-image\" data-id=\"9b7f933\" data-element_type=\"widget\" data-widget_type=\"image.default\">\n\t\t\t\t<div class=\"elementor-widget-container\">\n\t\t\t\t\t\t\t\t\t\t\t\t\t\t\t<img fetchpriority=\"high\" decoding=\"async\" width=\"500\" height=\"282\" src=\"https:\/\/hopelandcongo.org\/wp-content\/uploads\/2025\/09\/logo-Agriechange-Cancongo.png\" class=\"attachment-large size-large wp-image-8268\" alt=\"\" srcset=\"https:\/\/hopelandcongo.org\/wp-content\/uploads\/2025\/09\/logo-Agriechange-Cancongo.png 500w, https:\/\/hopelandcongo.org\/wp-content\/uploads\/2025\/09\/logo-Agriechange-Cancongo-300x169.png 300w\" sizes=\"(max-width: 500px) 100vw, 500px\" \/>\t\t\t\t\t\t\t\t\t\t\t\t\t\t\t<\/div>\n\t\t\t\t<\/div>\n\t\t\t\t\t<\/div>\n\t\t<\/div>\n\t\t\t\t<div class=\"elementor-column elementor-col-50 elementor-top-column elementor-element elementor-element-8587bc0\" data-id=\"8587bc0\" data-element_type=\"column\">\n\t\t\t<div class=\"elementor-widget-wrap elementor-element-populated\">\n\t\t\t\t\t\t<div class=\"elementor-element elementor-element-dbe6dc4 elementor-widget elementor-widget-text-editor\" data-id=\"dbe6dc4\" data-element_type=\"widget\" data-widget_type=\"text-editor.default\">\n\t\t\t\t<div class=\"elementor-widget-container\">\n\t\t\t\t\t\t\t\t\t<p><span style=\"font-size: 14pt; color: #000000;\"><strong>Programme d\u2019\u00e9change r\u00e9sidentiel en agribusiness et en agriculture durable entre le Canada et la R\u00e9publique D\u00e9mocratique du Congo<\/strong><\/span><\/p><p><span style=\"color: #000000;\">Le programme AgriEchange CANCONGO a pour objectif principal de renforcer la coop\u00e9ration <\/span><span style=\"color: #000000;\">internationale entre le Canada et la RDC dans le secteur agricole. Il met en place des ponts <\/span><span style=\"color: #000000;\">solides entre les jeunes entrepreneurs agricoles, les \u00e9tudiants et chercheurs des deux pays, en <\/span><span style=\"color: #000000;\">favorisant l\u2019\u00e9change de connaissances techniques, l\u2019adoption de pratiques agricoles modernes, et <\/span><span style=\"color: #000000;\">en encourageant l\u2019innovation pour un d\u00e9veloppement agricole durable.<\/span><\/p><p>\u00a0<\/p>\t\t\t\t\t\t\t\t<\/div>\n\t\t\t\t<\/div>\n\t\t\t\t\t<\/div>\n\t\t<\/div>\n\t\t\t\t\t<\/div>\n\t\t<\/section>\n\t\t\t\t<section class=\"elementor-section elementor-top-section elementor-element elementor-element-9b7cf76 elementor-section-boxed elementor-section-height-default elementor-section-height-default\" data-id=\"9b7cf76\" data-element_type=\"section\">\n\t\t\t\t\t\t<div class=\"elementor-container elementor-column-gap-default\">\n\t\t\t\t\t<div class=\"elementor-column elementor-col-100 elementor-top-column elementor-element elementor-element-8bebb42\" data-id=\"8bebb42\" data-element_type=\"column\">\n\t\t\t<div class=\"elementor-widget-wrap elementor-element-populated\">\n\t\t\t\t\t\t<div class=\"elementor-element elementor-element-4aab7d0 elementor-widget elementor-widget-text-editor\" data-id=\"4aab7d0\" data-element_type=\"widget\" data-widget_type=\"text-editor.default\">\n\t\t\t\t<div class=\"elementor-widget-container\">\n\t\t\t\t\t\t\t\t\t<p style=\"text-align: center;\"><span style=\"font-size: 18pt; color: #000000;\"><strong>ENJEUX MAJEURES<\/strong><\/span><\/p>\t\t\t\t\t\t\t\t<\/div>\n\t\t\t\t<\/div>\n\t\t\t\t\t<\/div>\n\t\t<\/div>\n\t\t\t\t\t<\/div>\n\t\t<\/section>\n\t\t\t\t<section class=\"elementor-section elementor-top-section elementor-element elementor-element-d536253 elementor-section-boxed elementor-section-height-default elementor-section-height-default\" data-id=\"d536253\" data-element_type=\"section\">\n\t\t\t\t\t\t<div class=\"elementor-container elementor-column-gap-default\">\n\t\t\t\t\t<div class=\"elementor-column elementor-col-100 elementor-top-column elementor-element elementor-element-120cf10\" data-id=\"120cf10\" data-element_type=\"column\">\n\t\t\t<div class=\"elementor-widget-wrap elementor-element-populated\">\n\t\t\t\t\t\t<div class=\"elementor-element elementor-element-de9c269 elementor-widget elementor-widget-text-editor\" data-id=\"de9c269\" data-element_type=\"widget\" data-widget_type=\"text-editor.default\">\n\t\t\t\t<div class=\"elementor-widget-container\">\n\t\t\t\t\t\t\t\t\t<p style=\"text-align: center;\"><span style=\"color: #000000;\">Ce programme quinquennal, s\u2019inscrit dans un effort global visant \u00e0 promouvoir la coop\u00e9ration internationale, \u00e0 renforcer les comp\u00e9tences des jeunes agripreneurs, \u00e0 appuyer la recherche et l&rsquo;innovation dans les secteurs de l\u2019agriculture verte et durable<\/span><\/p>\t\t\t\t\t\t\t\t<\/div>\n\t\t\t\t<\/div>\n\t\t\t\t\t<\/div>\n\t\t<\/div>\n\t\t\t\t\t<\/div>\n\t\t<\/section>\n\t\t\t\t<section class=\"elementor-section elementor-top-section elementor-element elementor-element-1d59c7b elementor-section-boxed elementor-section-height-default elementor-section-height-default\" data-id=\"1d59c7b\" data-element_type=\"section\">\n\t\t\t\t\t\t<div class=\"elementor-container elementor-column-gap-default\">\n\t\t\t\t\t<div class=\"elementor-column elementor-col-25 elementor-top-column elementor-element elementor-element-d70d0df\" data-id=\"d70d0df\" data-element_type=\"column\">\n\t\t\t<div class=\"elementor-widget-wrap elementor-element-populated\">\n\t\t\t\t\t\t<div class=\"elementor-element elementor-element-914631d elementor-position-top elementor-widget elementor-widget-image-box\" data-id=\"914631d\" data-element_type=\"widget\" data-widget_type=\"image-box.default\">\n\t\t\t\t<div class=\"elementor-widget-container\">\n\t\t\t\t\t<div class=\"elementor-image-box-wrapper\"><figure class=\"elementor-image-box-img\"><img decoding=\"async\" src=\"https:\/\/hopelandcongo.org\/wp-content\/uploads\/2022\/12\/Target-5.svg\" class=\"attachment-full size-full wp-image-6854\" alt=\"\" \/><\/figure><div class=\"elementor-image-box-content\"><h3 class=\"elementor-image-box-title\">Objectifs<\/h3><p class=\"elementor-image-box-description\">* Former et autonomiser les jeunes agripreneurs congolais\n* Favoriser l\u2019innovation et la recherche appliqu\u00e9e en agribusiness\n* Promouvoir le volontariat agricole international\n* Renforcer la coop\u00e9ration agricole RDC\u2013Canada<\/p><\/div><\/div>\t\t\t\t<\/div>\n\t\t\t\t<\/div>\n\t\t\t\t\t<\/div>\n\t\t<\/div>\n\t\t\t\t<div class=\"elementor-column elementor-col-25 elementor-top-column elementor-element elementor-element-e5bf0ab\" data-id=\"e5bf0ab\" data-element_type=\"column\">\n\t\t\t<div class=\"elementor-widget-wrap elementor-element-populated\">\n\t\t\t\t\t\t<div class=\"elementor-element elementor-element-c9cb318 elementor-position-top elementor-widget elementor-widget-image-box\" data-id=\"c9cb318\" data-element_type=\"widget\" data-widget_type=\"image-box.default\">\n\t\t\t\t<div class=\"elementor-widget-container\">\n\t\t\t\t\t<div class=\"elementor-image-box-wrapper\"><figure class=\"elementor-image-box-img\"><img decoding=\"async\" src=\"https:\/\/hopelandcongo.org\/wp-content\/uploads\/2022\/12\/Museum-theatre.svg\" class=\"attachment-full size-full wp-image-6859\" alt=\"\" \/><\/figure><div class=\"elementor-image-box-content\"><h3 class=\"elementor-image-box-title\">Activit\u00e9s principales<\/h3><p class=\"elementor-image-box-description\">* Formations intensives en agribusiness (en collaboration avec Agrischool Academy Congo)\n* Ateliers r\u00e9sidentiels Agrobusiness entre jeunes, chercheurs et experts\n* Foire Agricole Internationale en RDC\n* Agrotour International (9e \u00e9dition au Canada en 2027) <\/p><\/div><\/div>\t\t\t\t<\/div>\n\t\t\t\t<\/div>\n\t\t\t\t\t<\/div>\n\t\t<\/div>\n\t\t\t\t<div class=\"elementor-column elementor-col-25 elementor-top-column elementor-element elementor-element-ff17f83\" data-id=\"ff17f83\" data-element_type=\"column\">\n\t\t\t<div class=\"elementor-widget-wrap elementor-element-populated\">\n\t\t\t\t\t\t<div class=\"elementor-element elementor-element-5c6b302 elementor-position-top elementor-widget elementor-widget-image-box\" data-id=\"5c6b302\" data-element_type=\"widget\" data-widget_type=\"image-box.default\">\n\t\t\t\t<div class=\"elementor-widget-container\">\n\t\t\t\t\t<div class=\"elementor-image-box-wrapper\"><figure class=\"elementor-image-box-img\"><img decoding=\"async\" src=\"https:\/\/hopelandcongo.org\/wp-content\/uploads\/2022\/12\/Employee.svg\" class=\"attachment-full size-full wp-image-6864\" alt=\"\" \/><\/figure><div class=\"elementor-image-box-content\"><h3 class=\"elementor-image-box-title\">Domaines de partenariats<\/h3><p class=\"elementor-image-box-description\">* Coop\u00e9ration acad\u00e9mique\n* Soutien aux conf\u00e9rences, foires et ateliers\n* Programme de volontariat agricole international (Agrovolontaire)<\/p><\/div><\/div>\t\t\t\t<\/div>\n\t\t\t\t<\/div>\n\t\t\t\t\t<\/div>\n\t\t<\/div>\n\t\t\t\t<div class=\"elementor-column elementor-col-25 elementor-top-column elementor-element elementor-element-74a2b59\" data-id=\"74a2b59\" data-element_type=\"column\">\n\t\t\t<div class=\"elementor-widget-wrap elementor-element-populated\">\n\t\t\t\t\t\t<div class=\"elementor-element elementor-element-d9a653b elementor-position-top elementor-widget elementor-widget-image-box\" data-id=\"d9a653b\" data-element_type=\"widget\" data-widget_type=\"image-box.default\">\n\t\t\t\t<div class=\"elementor-widget-container\">\n\t\t\t\t\t<div class=\"elementor-image-box-wrapper\"><figure class=\"elementor-image-box-img\"><img decoding=\"async\" src=\"https:\/\/hopelandcongo.org\/wp-content\/uploads\/2019\/06\/Location-circle.svg\" class=\"attachment-full size-full wp-image-6841\" alt=\"\" \/><\/figure><div class=\"elementor-image-box-content\"><h3 class=\"elementor-image-box-title\">Projets structurants<\/h3><p class=\"elementor-image-box-description\">* Mus\u00e9e National de l\u2019Agriculture et de l\u2019Alimentation (MNAA \u2013 RDC)\n* Maison AgriBusiness CANCONGO (plateforme physique pour la coop\u00e9ration agricole bilat\u00e9rale)<\/p><\/div><\/div>\t\t\t\t<\/div>\n\t\t\t\t<\/div>\n\t\t\t\t\t<\/div>\n\t\t<\/div>\n\t\t\t\t\t<\/div>\n\t\t<\/section>\n\t\t\t\t<section class=\"elementor-section elementor-top-section elementor-element elementor-element-e62d7bf elementor-section-boxed elementor-section-height-default elementor-section-height-default\" data-id=\"e62d7bf\" data-element_type=\"section\">\n\t\t\t\t\t\t<div class=\"elementor-container elementor-column-gap-default\">\n\t\t\t\t\t<div class=\"elementor-column elementor-col-100 elementor-top-column elementor-element elementor-element-be245e7\" data-id=\"be245e7\" data-element_type=\"column\">\n\t\t\t<div class=\"elementor-widget-wrap elementor-element-populated\">\n\t\t\t\t\t\t<div class=\"elementor-element elementor-element-d240e26 elementor-widget__width-initial elementor-cta--skin-classic elementor-animated-content elementor-bg-transform elementor-bg-transform-zoom-in elementor-widget elementor-widget-call-to-action\" data-id=\"d240e26\" data-element_type=\"widget\" data-widget_type=\"call-to-action.default\">\n\t\t\t\t<div class=\"elementor-widget-container\">\n\t\t\t\t\t\t\t<div class=\"elementor-cta\">\n\t\t\t\t\t<div class=\"elementor-cta__bg-wrapper\">\n\t\t\t\t<div class=\"elementor-cta__bg elementor-bg\" style=\"background-image: url(https:\/\/hopelandcongo.org\/wp-content\/uploads\/2025\/09\/Banner-Kimuntu8-1024x577.png);\" role=\"img\" aria-label=\"Banner Kimuntu(8)\"><\/div>\n\t\t\t\t<div class=\"elementor-cta__bg-overlay\"><\/div>\n\t\t\t<\/div>\n\t\t\t\t\t\t\t<div class=\"elementor-cta__content\">\n\t\t\t\t\n\t\t\t\t\t\t\t\t\t<h2 class=\"elementor-cta__title elementor-cta__content-item elementor-content-item\">\n\t\t\t\t\t\tS'engager \u00e0 Agriechange CANCONGO\t\t\t\t\t<\/h2>\n\t\t\t\t\n\t\t\t\t\t\t\t\t\t<div class=\"elementor-cta__description elementor-cta__content-item elementor-content-item\">\n\t\t\t\t\t\tVous \u00eates une ONG, une universit\u00e9, un expert ou une organisation agricole ?\n\t\t\t\t\t<\/div>\n\t\t\t\t\n\t\t\t\t\t\t\t\t\t<div class=\"elementor-cta__button-wrapper elementor-cta__content-item elementor-content-item \">\n\t\t\t\t\t<a class=\"elementor-cta__button elementor-button elementor-size-sm\" href=\"https:\/\/agriechange.org\/cancongo\/\" target=\"_blank\">\n\t\t\t\t\t\tD\u00e9couvrez le programme\t\t\t\t\t<\/a>\n\t\t\t\t\t<\/div>\n\t\t\t\t\t\t\t<\/div>\n\t\t\t\t\t\t<\/div>\n\t\t\t\t\t\t<\/div>\n\t\t\t\t<\/div>\n\t\t\t\t\t<\/div>\n\t\t<\/div>\n\t\t\t\t\t<\/div>\n\t\t<\/section>\n\t\t\t\t<section class=\"elementor-section elementor-top-section elementor-element elementor-element-ee52441 elementor-section-boxed elementor-section-height-default elementor-section-height-default\" data-id=\"ee52441\" data-element_type=\"section\">\n\t\t\t\t\t\t<div class=\"elementor-container elementor-column-gap-default\">\n\t\t\t\t\t<div class=\"elementor-column elementor-col-100 elementor-top-column elementor-element elementor-element-037788b\" data-id=\"037788b\" data-element_type=\"column\">\n\t\t\t<div class=\"elementor-widget-wrap\">\n\t\t\t\t\t\t\t<\/div>\n\t\t<\/div>\n\t\t\t\t\t<\/div>\n\t\t<\/section>\n\t\t\t\t<\/div>\n\t\t","protected":false},"excerpt":{"rendered":"<p>Programme d\u2019\u00e9change r\u00e9sidentiel en agribusiness et en agriculture durable entre le Canada et la R\u00e9publique D\u00e9mocratique du Congo Le programme AgriEchange CANCONGO a pour objectif principal de renforcer la coop\u00e9ration internationale entre le Canada et la RDC dans le secteur agricole. Il met en place des ponts solides entre les jeunes entrepreneurs agricoles, les \u00e9tudiants [&hellip;]<\/p>\n","protected":false},"author":1,"featured_media":0,"parent":0,"menu_order":0,"comment_status":"closed","ping_status":"closed","template":"elementor_header_footer","meta":{"footnotes":""},"class_list":["post-8265","page","type-page","status-publish","hentry"],"_links":{"self":[{"href":"https:\/\/hopelandcongo.org\/index.php?rest_route=\/wp\/v2\/pages\/8265","targetHints":{"allow":["GET"]}}],"collection":[{"href":"https:\/\/hopelandcongo.org\/index.php?rest_route=\/wp\/v2\/pages"}],"about":[{"href":"https:\/\/hopelandcongo.org\/index.php?rest_route=\/wp\/v2\/types\/page"}],"author":[{"embeddable":true,"href":"https:\/\/hopelandcongo.org\/index.php?rest_route=\/wp\/v2\/users\/1"}],"replies":[{"embeddable":true,"href":"https:\/\/hopelandcongo.org\/index.php?rest_route=%2Fwp%2Fv2%2Fcomments&post=8265"}],"version-history":[{"count":37,"href":"https:\/\/hopelandcongo.org\/index.php?rest_route=\/wp\/v2\/pages\/8265\/revisions"}],"predecessor-version":[{"id":8308,"href":"https:\/\/hopelandcongo.org\/index.php?rest_route=\/wp\/v2\/pages\/8265\/revisions\/8308"}],"wp:attachment":[{"href":"https:\/\/hopelandcongo.org\/index.php?rest_route=%2Fwp%2Fv2%2Fmedia&parent=8265"}],"curies":[{"name":"wp","href":"https:\/\/api.w.org\/{rel}","templated":true}]}}